e 50 = -2*m + 4*m. Let s = m - -71. Calculate the greatest common divisor of 12 and s.
12
Suppose 0*x = 2*x - 2. Let i be (0 + 2)/(x - 0). Let q = -161 - -175. What is the greatest common factor of i and q?
2
Suppose -2*b - 4*x = 14, 5*b + x = 4*x + 30. Let d be 1/(b/20)*120/16. What is the highest common divisor of 50 and d?
50
Let s = 1670 - 1454. Calculate the greatest common factor of 8 and s.
8
Suppose 26*m - 3332 - 19886 = 0. What is the highest common factor of 47 and m?
47
Suppose -22*m + 24*m = 4. Let c(l) = -24*l**m - 1 + 25*l**2 + 1 + 3 + 3*l. Let h be c(-4). Calculate the highest common divisor of 28 and h.
7
Suppose 13 = 5*d + 3. Let u(c) = 6*c**d + c**2 - 2 + c**3 + 7 + 1. Let j be u(-7). What is the highest common factor of 2 and j?
2
Let v(t) = -t**3 + 7*t**2 + 6*t - 34. Let u be v(7). Let b be 4/(-6) - 1744/(-24). What is the greatest common divisor of u and b?
8
Suppose 2*m + 3*q = 3*m - 33, -2*q = -2*m + 70. Let b = -25 + m. What is the highest common divisor of 1 and b?
1
Suppose 3872 = 9*s - 34. Calculate the greatest common factor of 42 and s.
14
Suppose 51 = -3*r + 186. Let n be 3 + -2*(0 + -1). Suppose -5*d + r = -2*z - 76, -127 = -n*d - z. What is the greatest common factor of d and 10?
5
Let w = -9 - -99. What is the greatest common divisor of 12 and w?
6
Let p be 231*-1*(-56)/24. What is the greatest common divisor of 22 and p?
11
Suppose -5*v - 19 + 4 = 0, 0 = 2*p + 5*v - 97. What is the highest common factor of 280 and p?
56
Suppose -3*b - 30 - 120 = 4*a, 4*b - a = -200. Let n = -10 - b. What is the highest common factor of n and 100?
20
Let m be (-51)/(-34) + 126/4. Suppose -4*z + 268 = f, -6*f + 4*f = -z - 527. Calculate the greatest common factor of f and m.
33
Suppose 0 = -h + 2. Suppose -24 = -3*d + 36. Suppose -h*f - 8 = -d. Calculate the highest common divisor of 2 and f.
2
Let t be 30/9 + 2/(-9)*-3. Suppose -4*w + 5*w - 180 = t*u, -885 = -5*w + 5*u. What is the greatest common divisor of 44 and w?
44
Suppose 78 = 2*y + 4*y. Let t = y - 7. Calculate the greatest common divisor of 2 and t.
2
Let r(z) = 9*z + 41. Let v be r(5). Calculate the greatest common factor of 2 and v.
2
Suppose -309 = -14*a + 139. Calculate the greatest common divisor of 48 and a.
16
Let h = 516 - 330. Let q = -71 + h. Calculate the highest common factor of q and 46.
23
Let h be -1 - 1/((-2)/62). Let n(w) = w**3 + 10*w**2 - w. Let q(x) = 2*x - 2. Let f be q(-4). Let d be n(f). Calculate the greatest common factor of h and d.
10
Suppose -g + 6 = -2*j + 7*j, 3*j - 118 = -5*g. Calculate the highest common factor of g and 169.
13
Let j be 8/2 + 0/12. Let l = 23 - 10. Let m = 41 - l. Calculate the highest common factor of m and j.
4
Let i = 35 + -8. Let v(b) = -2*b - 13. Let k be v(-8). Suppose k*c + 8 = -d + 29, 5*c = d + 11. What is the greatest common divisor of d and i?
9
Let g = -322 + 343. Calculate the greatest common divisor of g and 112.
7
Let d = -22 - -39. Suppose 5*v = 2*q - 31, 2*q - 13 = 6*q + 5*v. Let g be 462/7 - (-4)/6*q. What is the highest common divisor of d and g?
17
Let k be (0 + 0 - -2)/((-24)/(-72)). Let c be (-2)/k*(-13)/((-13)/(-48)). Calculate the greatest common factor of c and 4.
4
Let v(g) = -62*g - 162. Let q be v(-3). What is the highest common divisor of 456 and q?
24
Let a(s) = -10*s - 20. Let z be a(-7). What is the greatest common factor of 225 and z?
25
Let a = -52 + 102. What is the highest common divisor of a and 50?
50
Suppose -6*s + 18 = -12. Suppose 0 = s*b + 22 - 52. What is the greatest common factor of b and 3?
3
Let k be ((-315)/14)/(10/(-300)). Calculate the highest common factor of 25 and k.
25
Suppose -43*y = -6*y - 56 - 55. Suppose 18 + 6 = a. What is the greatest common factor of a and y?
3
Let b(x) = -11*x**2 - x + 2. Let f(h) = 10*h**2 - 2. Let i(w) = 3*b(w) + 4*f(w). Let q be i(-2). What is the highest common divisor of 128 and q?
32
Let n be (-14)/3*6/(-4). Let j be (0 - 14/4)/(5/(-10)). What is the highest common divisor of j and n?
7
Let j = 31 - 25. Let u(f) = f**2 - 7*f + 8. Let l be u(j). Suppose 2*g - 2 = 5*h, 0 = -0*g - g - l*h + 10. What is the highest common divisor of 48 and g?
6
Suppose 0 = r - 1 - 32. Suppose -44 = -a - a. Calculate the greatest common factor of a and r.
11
Let p(i) = i**3 + 16*i**2 + 26*i - 26. Let k be p(-14). Suppose -6*c + c = 0. Suppose 5*q - k - 18 = c. Calculate the highest common factor of 4 and q.
4
Suppose 27 = 12*u - 3*u. Suppose -u*i - 4 + 73 = 0. Calculate the highest common factor of i and 253.
23
Suppose 87*t - 93*t + 324 = 0. Calculate the greatest common divisor of 18 and t.
18
Suppose 0 = 4*s - 0*s + 132. Let a be s/6 + 7/14. Let r = a + 12. Calculate the highest common divisor of 77 and r.
7
Let m be -41 - 3/(4 - 3). Let b = m + 62. Suppose -b = -4*h + 3*z + 39, 21 = 3*h + 5*z. Calculate the highest common factor of 108 and h.
12
Let g = -377 - -577. Let m be -4*5/(-10) - -23. What is the greatest common divisor of m and g?
25
Suppose -389*h - 1500 = -404*h. What is the greatest common factor of h and 50?
50
Let u(j) = -11*j - 19. Let p be u(-8). Let i = p + 21. What is the highest common factor of i and 30?
30
Let v be 1508/20 + 8/(-20). Let w be (12/10)/(2/25). Calculate the greatest common divisor of v and w.
15
Suppose -7*j + 42 + 21 = 0. Let w = j + 4. Calculate the greatest common factor of w and 91.
13
Suppose -10*r - 154 = -1244. Let b = r + -102. Calculate the greatest common factor of 56 and b.
7
Let i = 294 - 289. Calculate the greatest common divisor of i and 245.
5
Let t be 9 + (-2 + 1)*3. Suppose -3*a = -12 - t. Calculate the greatest common factor of a and 12.
6
Suppose 0 = -3*r + 3, r - 68 = -3*y - r. Let g be (y*4)/((-62)/(-279)). What is the highest common factor of 36 and g?
36
Let o = 410 + -401. Suppose -3*m = 4*b - 10, -4*m + 24 = 2*b + 4. Let x = m - 0. Calculate the greatest common factor of x and o.
3
Let b = 1529 + -1417. Calculate the highest common divisor of b and 21.
7
Let y be 8/56*701 - (-2)/(-14). What is the highest common factor of 800 and y?
100
Let k = 457 - 432. What is the highest common factor of 1075 and k?
25
Let j be (-10363)/(-86) - (-1)/(-2). Calculate the greatest common divisor of j and 24.
24
Suppose 63*v - 24*v = 468. Suppose -2*a - 2*x - 1 = -3*a, 5*a = 4*x + 5. Let b = v + a. Calculate the greatest common factor of 39 and b.
13
Suppose b - 37 = 4*f + 113, -4*b + 119 = -3*f. Let o = 43 + f. Calculate the greatest common factor of 9 and o.
3
Suppose -2*k + 73 = -17. Suppose 71*i - 68*i = 135. What is the greatest common factor of k and i?
45
Let u be 8*(4 - 0 - -2). Let h = 68 - -52. What is the greatest common factor of h and u?
24
Let a be 10/(-6) - (-450)/27. Let m be 6/2*(-210)/(-6). What is the greatest common factor of m and a?
15
Let b be (22/3)/(24/216). Suppose 0 = -25*y + 27*y - 12. What is the greatest common divisor of y and b?
6
Let g = -84 + 156. Suppose 0 = -10*r + 2*r + 192. What is the highest common factor of r and g?
24
Let j be 54/(-7) + (-4)/14. Let h = 36 + j. What is the highest common factor of 7 and h?
7
Let j(s) = 4*s**2 + 14*s + 22. Let c be j(-9). Let q be (2/8)/(5/c). What is the highest common factor of q and 11?
11
Let c(x) = x - 8. Let u be c(6). Let t be u/3 - (-1828)/(-12). Let a = -90 - t. Calculate the highest common factor of a and 7.
7
Let v be (2 - -1)/(4 + (-28038)/7014). Calculate the greatest common divisor of v and 7.
7
Let w(c) = c**2 - 6*c + 11. Let h be w(20). Suppose -8*q + h = -269. What is the highest common divisor of q and 14?
14
Let d(z) = 2*z**2 + 22*z - 116. Let i be d(6). Let l be 2*(-2)/4*-11. Calculate the highest common divisor of i and l.
11
Let n(q) = -q + 8. Let t be n(4). Let o = 20 + 12. Let z be 4*1 + o/(-16). Calculate the greatest common divisor of t and z.
2
Suppose -4*k + 0*i - 640 = 2*i, 0 = -i. Let s = k + 252. Let o be (-1)/6 - 139/(-6). Calculate the greatest common factor of s and o.
23
Let v be (-3 - 11/(-3))/((-4)/6). Let g(l) = 3*l**2 - 2*l - 3. Let j be g(v). What is the greatest common factor of 4 and j?
2
Suppose -339 = -6*j + 57. Let g be (-431)/(-11) - 12/j. What is the greatest common factor of g and 13?
13
Let h(q) = -18*q - 27*q + 12 + 6. Let u be h(-6). What is the highest common divisor of u and 32?
32